{"id":18669,"date":"2021-02-17T11:31:40","date_gmt":"2021-02-17T11:31:40","guid":{"rendered":"http:\/\/parafiarososzyca.pl\/?page_id=18669"},"modified":"2021-02-17T16:27:57","modified_gmt":"2021-02-17T16:27:57","slug":"rok-2017","status":"publish","type":"page","link":"https:\/\/parafiarososzyca.pl\/index.php\/galeria-zdjec\/rok-2017\/","title":{"rendered":"Rok 2017"},"content":{"rendered":"<p>Z kol\u0119d\u0105 na ustach<\/p>\n<p>ngg_shortcode_0_placeholderNowi ministranci<\/p>\n<p>ngg_shortcode_1_placeholder2 koncert Razem uratujmy serduszko Michalinki<\/p>\n<iframe loading=\"lazy\"  id=\"_ytid_39482\"  width=\"700\" height=\"394\"  data-origwidth=\"700\" data-origheight=\"394\" src=\"https:\/\/www.youtube.com\/embed\/cevy41fy6bw?enablejsapi=1&autoplay=0&cc_load_policy=0&cc_lang_pref=pl&iv_load_policy=3&loop=0&rel=1&fs=1&playsinline=0&autohide=2&theme=dark&color=red&controls=1&disablekb=0&\" class=\"__youtube_prefs__  no-lazyload\" title=\"YouTube player\"  allow=\"fullscreen; accelerometer; autoplay; clipboard-write; encrypted-media; gyroscope; picture-in-picture; web-share\" referrerpolicy=\"strict-origin-when-cross-origin\" allowfullscreen data-no-lazy=\"1\" data-skipgform_ajax_framebjll=\"\"><\/iframe>\n<p>ngg_shortcode_2_placeholderUroczysto\u015b\u0107 I Spowiedzi \u015awi\u0119tej<\/p>\n<p>ngg_shortcode_3_placeholderNiedziela Palmowa<\/p>\n<p>ngg_shortcode_4_placeholderWielki Czwartek<\/p>\n<p>ngg_shortcode_5_placeholderWielki Pi\u0105tek<\/p>\n<p>ngg_shortcode_6_placeholderRekolekcje wielkopostne<\/p>\n<p>ngg_shortcode_7_placeholderGminny konkurs piosenki religijnej \u201eVox Nostra\u201d<\/p>\n<p>ngg_shortcode_8_placeholderOdpust \u015bw. Marka Ewangelisty<\/p>\n<p>ngg_shortcode_9_placeholderNiedziela biblijna<\/p>\n<p>ngg_shortcode_10_placeholderI Komunia \u015awi\u0119ta<\/p>\n<p>ngg_shortcode_11_placeholderBia\u0142y Tydzie\u0144<\/p>\n<p>ngg_shortcode_12_placeholderRocznica I Komunii \u015awi\u0119tej<\/p>\n<p>ngg_shortcode_13_placeholderngg_shortcode_14_placeholderPielgrzymka do Lichenia<\/p>\n<p>ngg_shortcode_15_placeholderBo\u017ce Cia\u0142o<\/p>\n<p>ngg_shortcode_16_placeholderFestyn &#8222;Razem uratujmy serduszko Michalinki&#8221;<\/p>\n<iframe loading=\"lazy\"  id=\"_ytid_90726\"  width=\"700\" height=\"394\"  data-origwidth=\"700\" data-origheight=\"394\" src=\"https:\/\/www.youtube.com\/embed\/WRMkm392CGM?enablejsapi=1&autoplay=0&cc_load_policy=0&cc_lang_pref=pl&iv_load_policy=3&loop=0&rel=1&fs=1&playsinline=0&autohide=2&theme=dark&color=red&controls=1&disablekb=0&\" class=\"__youtube_prefs__  no-lazyload\" title=\"YouTube player\"  allow=\"fullscreen; accelerometer; autoplay; clipboard-write; encrypted-media; gyroscope; picture-in-picture; web-share\" referrerpolicy=\"strict-origin-when-cross-origin\" allowfullscreen data-no-lazy=\"1\" data-skipgform_ajax_framebjll=\"\"><\/iframe>\n<p>ngg_shortcode_17_placeholderNowy w\u00f3z stra\u017cacki w naszej Parafii<\/p>\n<p>ngg_shortcode_18_placeholder\u015awi\u0119to Przemienienia Pa\u0144skiego \u2013 Odpust Parafialny<\/p>\n<p>ngg_shortcode_19_placeholderPielgrzymka rowerowa do sanktuarium w Skalmierzycach<\/p>\n<p>ngg_shortcode_20_placeholderPiesza pielgrzymka z Rososzycy do Kot\u0142owa<\/p>\n<p>ngg_shortcode_21_placeholderDo\u017cynki parafialne w Rososzycy<\/p>\n<p>ngg_shortcode_22_placeholderRemont ko\u015bcio\u0142a<\/p>\n<iframe loading=\"lazy\"  id=\"_ytid_34876\"  width=\"700\" height=\"394\"  data-origwidth=\"700\" data-origheight=\"394\" src=\"https:\/\/www.youtube.com\/embed\/9JvlWD8jxbA?enablejsapi=1&autoplay=0&cc_load_policy=0&cc_lang_pref=pl&iv_load_policy=3&loop=0&rel=1&fs=1&playsinline=0&autohide=2&theme=dark&color=red&controls=1&disablekb=0&\" class=\"__youtube_prefs__  no-lazyload\" title=\"YouTube player\"  allow=\"fullscreen; accelerometer; autoplay; clipboard-write; encrypted-media; gyroscope; picture-in-picture; web-share\" referrerpolicy=\"strict-origin-when-cross-origin\" allowfullscreen data-no-lazy=\"1\" data-skipgform_ajax_framebjll=\"\"><\/iframe>\n<p>Msza Wszystkich \u015awi\u0119tych<\/p>\n<p>ngg_shortcode_23_placeholderSpotkanie ze \u015bw. Miko\u0142ajem<\/p>\n<p>ngg_shortcode_24_placeholderII Diecezjalny konkurs wiedzy o \u017cyciu i dzia\u0142alno\u015bci Paw\u0142a Bryli\u0144skiego<\/p>\n<p>ngg_shortcode_25_placeholderV Gminno-Dekanalny Konkurs Biblijny<\/p>\n<p>ngg_shortcode_26_placeholder\u017byczenia Bo\u017conarodzeniowe<\/p>\n<iframe loading=\"lazy\"  id=\"_ytid_33595\"  width=\"700\" height=\"394\"  data-origwidth=\"700\" data-origheight=\"394\" src=\"https:\/\/www.youtube.com\/embed\/DK-lWtuWHeQ?enablejsapi=1&autoplay=0&cc_load_policy=0&cc_lang_pref=pl&iv_load_policy=3&loop=0&rel=1&fs=1&playsinline=0&autohide=2&theme=dark&color=red&controls=1&disablekb=0&\" class=\"__youtube_prefs__  no-lazyload\" title=\"YouTube player\"  allow=\"fullscreen; accelerometer; autoplay; clipboard-write; encrypted-media; gyroscope; picture-in-picture; web-share\" referrerpolicy=\"strict-origin-when-cross-origin\" allowfullscreen data-no-lazy=\"1\" data-skipgform_ajax_framebjll=\"\"><\/iframe>\nngg_shortcode_27_placeholder\n","protected":false},"excerpt":{"rendered":"<p>Z kol\u0119d\u0105 na ustach Nowi ministranci 2 koncert Razem uratujmy serduszko Michalinki Uroczysto\u015b\u0107 I Spowiedzi \u015awi\u0119tej Niedziela Palmowa Wielki Czwartek Wielki Pi\u0105tek Rekolekcje wielkopostne Gminny konkurs piosenki religijnej \u201eVox Nostra\u201d Odpust \u015bw. Marka Ewangelisty Niedziela biblijna I Komunia \u015awi\u0119ta Bia\u0142y Tydzie\u0144 Rocznica I Komunii \u015awi\u0119tej Pielgrzymka do Lichenia Bo\u017ce Cia\u0142o Festyn &#8222;Razem uratujmy serduszko Michalinki&#8221; &#8230; <span class=\"more\"><a class=\"more-link\" href=\"https:\/\/parafiarososzyca.pl\/index.php\/galeria-zdjec\/rok-2017\/\">Czytaj dalej<\/a><\/span><\/p>\n","protected":false},"author":1,"featured_media":0,"parent":42,"menu_order":0,"comment_status":"closed","ping_status":"closed","template":"","meta":{"ngg_post_thumbnail":0,"footnotes":"","_links_to":"","_links_to_target":""},"class_list":["entry","page","publish","author-admin","post-18669"],"_links":{"self":[{"href":"https:\/\/parafiarososzyca.pl\/index.php\/wp-json\/wp\/v2\/pages\/18669","targetHints":{"allow":["GET"]}}],"collection":[{"href":"https:\/\/parafiarososzyca.pl\/index.php\/wp-json\/wp\/v2\/pages"}],"about":[{"href":"https:\/\/parafiarososzyca.pl\/index.php\/wp-json\/wp\/v2\/types\/page"}],"author":[{"embeddable":true,"href":"https:\/\/parafiarososzyca.pl\/index.php\/wp-json\/wp\/v2\/users\/1"}],"replies":[{"embeddable":true,"href":"https:\/\/parafiarososzyca.pl\/index.php\/wp-json\/wp\/v2\/comments?post=18669"}],"version-history":[{"count":0,"href":"https:\/\/parafiarososzyca.pl\/index.php\/wp-json\/wp\/v2\/pages\/18669\/revisions"}],"up":[{"embeddable":true,"href":"https:\/\/parafiarososzyca.pl\/index.php\/wp-json\/wp\/v2\/pages\/42"}],"wp:attachment":[{"href":"https:\/\/parafiarososzyca.pl\/index.php\/wp-json\/wp\/v2\/media?parent=18669"}],"curies":[{"name":"wp","href":"https:\/\/api.w.org\/{rel}","templated":true}]}}

<p>Z kolędą na ustach</p>
<p>ngg_shortcode_0_placeholderNowi ministranci</p>
<p>ngg_shortcode_1_placeholder2 koncert Razem uratujmy serduszko Michalinki</p>
<iframe loading="lazy"  id="_ytid_39482"  width="700" height="394"  data-origwidth="700" data-origheight="394" src="https://www.youtube.com/embed/cevy41fy6bw?enablejsapi=1&autoplay=0&cc_load_policy=0&cc_lang_pref=pl&iv_load_policy=3&loop=0&rel=1&fs=1&playsinline=0&autohide=2&theme=dark&color=red&controls=1&disablekb=0&" class="__youtube_prefs__  no-lazyload" title="YouTube player"  allow="fullscreen; accelerometer; autoplay; clipboard-write; encrypted-media; gyroscope; picture-in-picture; web-share" referrerpolicy="strict-origin-when-cross-origin" allowfullscreen data-no-lazy="1" data-skipgform_ajax_framebjll=""></iframe>
<p>ngg_shortcode_2_placeholderUroczystość I Spowiedzi Świętej</p>
<p>ngg_shortcode_3_placeholderNiedziela Palmowa</p>
<p>ngg_shortcode_4_placeholderWielki Czwartek</p>
<p>ngg_shortcode_5_placeholderWielki Piątek</p>
<p>ngg_shortcode_6_placeholderRekolekcje wielkopostne</p>
<p>ngg_shortcode_7_placeholderGminny konkurs piosenki religijnej „Vox Nostra”</p>
<p>ngg_shortcode_8_placeholderOdpust św. Marka Ewangelisty</p>
<p>ngg_shortcode_9_placeholderNiedziela biblijna</p>
<p>ngg_shortcode_10_placeholderI Komunia Święta</p>
<p>ngg_shortcode_11_placeholderBiały Tydzień</p>
<p>ngg_shortcode_12_placeholderRocznica I Komunii Świętej</p>
<p>ngg_shortcode_13_placeholderngg_shortcode_14_placeholderPielgrzymka do Lichenia</p>
<p>ngg_shortcode_15_placeholderBoże Ciało</p>
<p>ngg_shortcode_16_placeholderFestyn &#8222;Razem uratujmy serduszko Michalinki&#8221;</p>
<iframe loading="lazy"  id="_ytid_90726"  width="700" height="394"  data-origwidth="700" data-origheight="394" src="https://www.youtube.com/embed/WRMkm392CGM?enablejsapi=1&autoplay=0&cc_load_policy=0&cc_lang_pref=pl&iv_load_policy=3&loop=0&rel=1&fs=1&playsinline=0&autohide=2&theme=dark&color=red&controls=1&disablekb=0&" class="__youtube_prefs__  no-lazyload" title="YouTube player"  allow="fullscreen; accelerometer; autoplay; clipboard-write; encrypted-media; gyroscope; picture-in-picture; web-share" referrerpolicy="strict-origin-when-cross-origin" allowfullscreen data-no-lazy="1" data-skipgform_ajax_framebjll=""></iframe>
<p>ngg_shortcode_17_placeholderNowy wóz strażacki w naszej Parafii</p>
<p>ngg_shortcode_18_placeholderŚwięto Przemienienia Pańskiego – Odpust Parafialny</p>
<p>ngg_shortcode_19_placeholderPielgrzymka rowerowa do sanktuarium w Skalmierzycach</p>
<p>ngg_shortcode_20_placeholderPiesza pielgrzymka z Rososzycy do Kotłowa</p>
<p>ngg_shortcode_21_placeholderDożynki parafialne w Rososzycy</p>
<p>ngg_shortcode_22_placeholderRemont kościoła</p>
<iframe loading="lazy"  id="_ytid_34876"  width="700" height="394"  data-origwidth="700" data-origheight="394" src="https://www.youtube.com/embed/9JvlWD8jxbA?enablejsapi=1&autoplay=0&cc_load_policy=0&cc_lang_pref=pl&iv_load_policy=3&loop=0&rel=1&fs=1&playsinline=0&autohide=2&theme=dark&color=red&controls=1&disablekb=0&" class="__youtube_prefs__  no-lazyload" title="YouTube player"  allow="fullscreen; accelerometer; autoplay; clipboard-write; encrypted-media; gyroscope; picture-in-picture; web-share" referrerpolicy="strict-origin-when-cross-origin" allowfullscreen data-no-lazy="1" data-skipgform_ajax_framebjll=""></iframe>
<p>Msza Wszystkich Świętych</p>
<p>ngg_shortcode_23_placeholderSpotkanie ze św. Mikołajem</p>
<p>ngg_shortcode_24_placeholderII Diecezjalny konkurs wiedzy o życiu i działalności Pawła Brylińskiego</p>
<p>ngg_shortcode_25_placeholderV Gminno-Dekanalny Konkurs Biblijny</p>
<p>ngg_shortcode_26_placeholderŻyczenia Bożonarodzeniowe</p>
<iframe loading="lazy"  id="_ytid_33595"  width="700" height="394"  data-origwidth="700" data-origheight="394" src="https://www.youtube.com/embed/DK-lWtuWHeQ?enablejsapi=1&autoplay=0&cc_load_policy=0&cc_lang_pref=pl&iv_load_policy=3&loop=0&rel=1&fs=1&playsinline=0&autohide=2&theme=dark&color=red&controls=1&disablekb=0&" class="__youtube_prefs__  no-lazyload" title="YouTube player"  allow="fullscreen; accelerometer; autoplay; clipboard-write; encrypted-media; gyroscope; picture-in-picture; web-share" referrerpolicy="strict-origin-when-cross-origin" allowfullscreen data-no-lazy="1" data-skipgform_ajax_framebjll=""></iframe>
ngg_shortcode_27_placeholder

<p>Z kolędą na ustach Nowi ministranci 2 koncert Razem uratujmy serduszko Michalinki Uroczystość I Spowiedzi Świętej Niedziela Palmowa Wielki Czwartek Wielki Piątek Rekolekcje wielkopostne Gminny konkurs piosenki religijnej „Vox Nostra” Odpust św. Marka Ewangelisty Niedziela biblijna I Komunia Święta Biały Tydzień Rocznica I Komunii Świętej Pielgrzymka do Lichenia Boże Ciało Festyn &#8222;Razem uratujmy serduszko Michalinki&#8221; &#8230; <span class="more"><a class="more-link" href="https://parafiarososzyca.pl/index.php/galeria-zdjec/rok-2017/">Czytaj dalej</a></span></p>
