{"id":18659,"date":"2021-02-17T10:15:35","date_gmt":"2021-02-17T10:15:35","guid":{"rendered":"http:\/\/parafiarososzyca.pl\/?page_id=18659"},"modified":"2021-02-17T10:46:42","modified_gmt":"2021-02-17T10:46:42","slug":"rok-2016","status":"publish","type":"page","link":"https:\/\/parafiarososzyca.pl\/index.php\/galeria-zdjec\/rok-2016\/","title":{"rendered":"Rok 2016"},"content":{"rendered":"<p>Chrzest Polski \u017ar\u00f3d\u0142em mi\u0142osierdzia<\/p>\n<p>ngg_shortcode_0_placeholderRekolekcje wielkopostne<\/p>\n<p>ngg_shortcode_1_placeholderNiedziela Palmowa<\/p>\n<p>ngg_shortcode_2_placeholder&nbsp;Wielki Czwartek<\/p>\n<p>ngg_shortcode_3_placeholderI spowied\u017a \u2013 niedziela Mi\u0142osierdzia<\/p>\n<p>ngg_shortcode_4_placeholder1050 rocznica chrztu Polski<\/p>\n<p>ngg_shortcode_5_placeholderOdpust \u015bw. Marka Ewangelisty<\/p>\n<p>ngg_shortcode_6_placeholderPierwsza Komunia \u015awi\u0119ta<\/p>\n<p>ngg_shortcode_7_placeholderngg_shortcode_8_placeholderBia\u0142y Tydzie\u0144<\/p>\n<p>ngg_shortcode_9_placeholderRocznica I Komunii \u015awi\u0119tej<\/p>\n<p>ngg_shortcode_10_placeholderBo\u017ce Cia\u0142o<\/p>\n<p>ngg_shortcode_11_placeholderPielgrzymka autokarowa do Lichenia<\/p>\n<p>ngg_shortcode_12_placeholderGrupa &#8222;Zielona&#8221; w Rososzycy<\/p>\n<p>ngg_shortcode_13_placeholder&nbsp;Rowerami do Matki Bo\u017cej Skalmierzyckiej<\/p>\n<p>ngg_shortcode_14_placeholderDo\u017cynki diecezjalno-wojew\u00f3dzkie<\/p>\n<p>ngg_shortcode_15_placeholder&nbsp;\u015aladami Siostry Faustyny w roku Mi\u0142osierdzia<\/p>\n<p>ngg_shortcode_16_placeholder&nbsp;Pieszo do Kot\u0142owa do Matki Kr\u00f3lowej Jedno\u015bci<\/p>\n<p>ngg_shortcode_17_placeholderDzi\u0119kczynienie za plony<\/p>\n<p>ngg_shortcode_18_placeholderPo\u015bwi\u0119cenie r\u00f3\u017ca\u0144c\u00f3w<\/p>\n<p>ngg_shortcode_19_placeholderI Przegl\u0105d Piosenki Maryjnej w Skalmierzycach<\/p>\n<p>ngg_shortcode_20_placeholderSerduszko Michalinki \u2013 Koncert charytatywny<\/p>\n<iframe loading=\"lazy\"  id=\"_ytid_57873\"  width=\"700\" height=\"394\"  data-origwidth=\"700\" data-origheight=\"394\" src=\"https:\/\/www.youtube.com\/embed\/kj110uAXqYg?enablejsapi=1&autoplay=0&cc_load_policy=0&cc_lang_pref=pl&iv_load_policy=3&loop=0&rel=1&fs=1&playsinline=0&autohide=2&theme=dark&color=red&controls=1&disablekb=0&\" class=\"__youtube_prefs__  no-lazyload\" title=\"YouTube player\"  allow=\"fullscreen; accelerometer; autoplay; clipboard-write; encrypted-media; gyroscope; picture-in-picture; web-share\" referrerpolicy=\"strict-origin-when-cross-origin\" allowfullscreen data-no-lazy=\"1\" data-skipgform_ajax_framebjll=\"\"><\/iframe>\n<p>ngg_shortcode_21_placeholderMsza z udzia\u0142em wszystkich \u015bwi\u0119tych<\/p>\n<p>ngg_shortcode_22_placeholder11 listopada 2016 \u2013 Msza \u015bw. za Ojczyzn\u0119<\/p>\n<p>ngg_shortcode_23_placeholderIV Gminno-Dekanalny Konkurs Biblijny<\/p>\n<p>ngg_shortcode_24_placeholderSpotkanie ze \u015bw. Miko\u0142ajem<\/p>\n<p>ngg_shortcode_25_placeholderHarcerze roznosz\u0105 Betlejemskie \u015awiat\u0142o Pokoju<\/p>\n<p>ngg_shortcode_26_placeholder\u017byczenia Bo\u017conarodzeniowe<\/p>\n<iframe loading=\"lazy\"  id=\"_ytid_17471\"  width=\"700\" height=\"394\"  data-origwidth=\"700\" data-origheight=\"394\" src=\"https:\/\/www.youtube.com\/embed\/d7btx8CpiRE?enablejsapi=1&autoplay=0&cc_load_policy=0&cc_lang_pref=pl&iv_load_policy=3&loop=0&rel=1&fs=1&playsinline=0&autohide=2&theme=dark&color=red&controls=1&disablekb=0&\" class=\"__youtube_prefs__  no-lazyload\" title=\"YouTube player\"  allow=\"fullscreen; accelerometer; autoplay; clipboard-write; encrypted-media; gyroscope; picture-in-picture; web-share\" referrerpolicy=\"strict-origin-when-cross-origin\" allowfullscreen data-no-lazy=\"1\" data-skipgform_ajax_framebjll=\"\"><\/iframe>\n","protected":false},"excerpt":{"rendered":"<p>Chrzest Polski \u017ar\u00f3d\u0142em mi\u0142osierdzia Rekolekcje wielkopostne Niedziela Palmowa &nbsp;Wielki Czwartek I spowied\u017a \u2013 niedziela Mi\u0142osierdzia 1050 rocznica chrztu Polski Odpust \u015bw. Marka Ewangelisty Pierwsza Komunia \u015awi\u0119ta Bia\u0142y Tydzie\u0144 Rocznica I Komunii \u015awi\u0119tej Bo\u017ce Cia\u0142o Pielgrzymka autokarowa do Lichenia Grupa &#8222;Zielona&#8221; w Rososzycy &nbsp;Rowerami do Matki Bo\u017cej Skalmierzyckiej Do\u017cynki diecezjalno-wojew\u00f3dzkie &nbsp;\u015aladami Siostry Faustyny w roku Mi\u0142osierdzia &#8230; <span class=\"more\"><a class=\"more-link\" href=\"https:\/\/parafiarososzyca.pl\/index.php\/galeria-zdjec\/rok-2016\/\">Czytaj dalej<\/a><\/span><\/p>\n","protected":false},"author":1,"featured_media":0,"parent":42,"menu_order":0,"comment_status":"closed","ping_status":"closed","template":"","meta":{"ngg_post_thumbnail":0,"footnotes":"","_links_to":"","_links_to_target":""},"class_list":["entry","page","publish","author-admin","post-18659"],"_links":{"self":[{"href":"https:\/\/parafiarososzyca.pl\/index.php\/wp-json\/wp\/v2\/pages\/18659","targetHints":{"allow":["GET"]}}],"collection":[{"href":"https:\/\/parafiarososzyca.pl\/index.php\/wp-json\/wp\/v2\/pages"}],"about":[{"href":"https:\/\/parafiarososzyca.pl\/index.php\/wp-json\/wp\/v2\/types\/page"}],"author":[{"embeddable":true,"href":"https:\/\/parafiarososzyca.pl\/index.php\/wp-json\/wp\/v2\/users\/1"}],"replies":[{"embeddable":true,"href":"https:\/\/parafiarososzyca.pl\/index.php\/wp-json\/wp\/v2\/comments?post=18659"}],"version-history":[{"count":0,"href":"https:\/\/parafiarososzyca.pl\/index.php\/wp-json\/wp\/v2\/pages\/18659\/revisions"}],"up":[{"embeddable":true,"href":"https:\/\/parafiarososzyca.pl\/index.php\/wp-json\/wp\/v2\/pages\/42"}],"wp:attachment":[{"href":"https:\/\/parafiarososzyca.pl\/index.php\/wp-json\/wp\/v2\/media?parent=18659"}],"curies":[{"name":"wp","href":"https:\/\/api.w.org\/{rel}","templated":true}]}}

<p>Chrzest Polski źródłem miłosierdzia</p>
<p>ngg_shortcode_0_placeholderRekolekcje wielkopostne</p>
<p>ngg_shortcode_1_placeholderNiedziela Palmowa</p>
<p>ngg_shortcode_2_placeholder&nbsp;Wielki Czwartek</p>
<p>ngg_shortcode_3_placeholderI spowiedź – niedziela Miłosierdzia</p>
<p>ngg_shortcode_4_placeholder1050 rocznica chrztu Polski</p>
<p>ngg_shortcode_5_placeholderOdpust św. Marka Ewangelisty</p>
<p>ngg_shortcode_6_placeholderPierwsza Komunia Święta</p>
<p>ngg_shortcode_7_placeholderngg_shortcode_8_placeholderBiały Tydzień</p>
<p>ngg_shortcode_9_placeholderRocznica I Komunii Świętej</p>
<p>ngg_shortcode_10_placeholderBoże Ciało</p>
<p>ngg_shortcode_11_placeholderPielgrzymka autokarowa do Lichenia</p>
<p>ngg_shortcode_12_placeholderGrupa &#8222;Zielona&#8221; w Rososzycy</p>
<p>ngg_shortcode_13_placeholder&nbsp;Rowerami do Matki Bożej Skalmierzyckiej</p>
<p>ngg_shortcode_14_placeholderDożynki diecezjalno-wojewódzkie</p>
<p>ngg_shortcode_15_placeholder&nbsp;Śladami Siostry Faustyny w roku Miłosierdzia</p>
<p>ngg_shortcode_16_placeholder&nbsp;Pieszo do Kotłowa do Matki Królowej Jedności</p>
<p>ngg_shortcode_17_placeholderDziękczynienie za plony</p>
<p>ngg_shortcode_18_placeholderPoświęcenie różańców</p>
<p>ngg_shortcode_19_placeholderI Przegląd Piosenki Maryjnej w Skalmierzycach</p>
<p>ngg_shortcode_20_placeholderSerduszko Michalinki – Koncert charytatywny</p>
<iframe loading="lazy"  id="_ytid_57873"  width="700" height="394"  data-origwidth="700" data-origheight="394" src="https://www.youtube.com/embed/kj110uAXqYg?enablejsapi=1&autoplay=0&cc_load_policy=0&cc_lang_pref=pl&iv_load_policy=3&loop=0&rel=1&fs=1&playsinline=0&autohide=2&theme=dark&color=red&controls=1&disablekb=0&" class="__youtube_prefs__  no-lazyload" title="YouTube player"  allow="fullscreen; accelerometer; autoplay; clipboard-write; encrypted-media; gyroscope; picture-in-picture; web-share" referrerpolicy="strict-origin-when-cross-origin" allowfullscreen data-no-lazy="1" data-skipgform_ajax_framebjll=""></iframe>
<p>ngg_shortcode_21_placeholderMsza z udziałem wszystkich świętych</p>
<p>ngg_shortcode_22_placeholder11 listopada 2016 – Msza św. za Ojczyznę</p>
<p>ngg_shortcode_23_placeholderIV Gminno-Dekanalny Konkurs Biblijny</p>
<p>ngg_shortcode_24_placeholderSpotkanie ze św. Mikołajem</p>
<p>ngg_shortcode_25_placeholderHarcerze roznoszą Betlejemskie Światło Pokoju</p>
<p>ngg_shortcode_26_placeholderŻyczenia Bożonarodzeniowe</p>
<iframe loading="lazy"  id="_ytid_17471"  width="700" height="394"  data-origwidth="700" data-origheight="394" src="https://www.youtube.com/embed/d7btx8CpiRE?enablejsapi=1&autoplay=0&cc_load_policy=0&cc_lang_pref=pl&iv_load_policy=3&loop=0&rel=1&fs=1&playsinline=0&autohide=2&theme=dark&color=red&controls=1&disablekb=0&" class="__youtube_prefs__  no-lazyload" title="YouTube player"  allow="fullscreen; accelerometer; autoplay; clipboard-write; encrypted-media; gyroscope; picture-in-picture; web-share" referrerpolicy="strict-origin-when-cross-origin" allowfullscreen data-no-lazy="1" data-skipgform_ajax_framebjll=""></iframe>

<p>Chrzest Polski źródłem miłosierdzia Rekolekcje wielkopostne Niedziela Palmowa &nbsp;Wielki Czwartek I spowiedź – niedziela Miłosierdzia 1050 rocznica chrztu Polski Odpust św. Marka Ewangelisty Pierwsza Komunia Święta Biały Tydzień Rocznica I Komunii Świętej Boże Ciało Pielgrzymka autokarowa do Lichenia Grupa &#8222;Zielona&#8221; w Rososzycy &nbsp;Rowerami do Matki Bożej Skalmierzyckiej Dożynki diecezjalno-wojewódzkie &nbsp;Śladami Siostry Faustyny w roku Miłosierdzia &#8230; <span class="more"><a class="more-link" href="https://parafiarososzyca.pl/index.php/galeria-zdjec/rok-2016/">Czytaj dalej</a></span></p>
